{"id":183,"date":"2020-11-15T19:39:51","date_gmt":"2020-11-15T18:39:51","guid":{"rendered":"https:\/\/www.mpower1.hr\/?page_id=183"},"modified":"2020-11-23T00:30:50","modified_gmt":"2020-11-22T23:30:50","slug":"integracija-i-automatizacija","status":"publish","type":"page","link":"https:\/\/www.mpower1.hr\/?page_id=183","title":{"rendered":"Integracija i automatizacija"},"content":{"rendered":"\n<h3 style=\"font-size:25px\"><strong>Spojimo najbolje u cjelinu<\/strong><\/h3>\n<p>&nbsp;<\/p>\n\n\n\n<div class=\"wp-block-columns is-layout-flex wp-container-core-columns-is-layout-9d6595d7 wp-block-columns-is-layout-flex\">\n<div class=\"wp-block-column is-layout-flow wp-block-column-is-layout-flow\">\n<p class=\"has-medium-font-size\">Raznolikost poslovnih procesa omogu\u0107ila je razvoj specijaliziranih softvera.<\/p>\n\n\n\n<p class=\"has-medium-font-size\">Nudimo rje\u0161enja kako ih integrirati i izvu\u0107i maksimum od svakog.<\/p>\n\n\n\n<p>.<\/p>\n<\/div>\n\n\n\n<div class=\"wp-block-column is-vertically-aligned-center is-layout-flow wp-block-column-is-layout-flow\">\n<div class=\"wp-block-image\"><figure class=\"aligncenter size-large is-resized\"><img loading=\"lazy\" decoding=\"async\" src=\"https:\/\/www.mpower1.hr\/wp-content\/uploads\/2020\/11\/integration.jpg\" alt=\"\" class=\"wp-image-184\" width=\"221\" height=\"125\" srcset=\"https:\/\/www.mpower1.hr\/wp-content\/uploads\/2020\/11\/integration.jpg 400w, https:\/\/www.mpower1.hr\/wp-content\/uploads\/2020\/11\/integration-300x171.jpg 300w\" sizes=\"auto, (max-width: 221px) 100vw, 221px\" \/><\/figure><\/div>\n<\/div>\n<\/div>\n\n\n\n<p><\/p>\n","protected":false},"excerpt":{"rendered":"<p>Spojimo najbolje u cjelinu &nbsp; Raznolikost poslovnih procesa omogu\u0107ila je razvoj specijaliziranih softvera. Nudimo rje\u0161enja kako ih integrirati i izvu\u0107i maksimum od svakog. .<\/p>\n","protected":false},"author":1,"featured_media":0,"parent":43,"menu_order":0,"comment_status":"closed","ping_status":"closed","template":"","meta":{"footnotes":""},"class_list":["post-183","page","type-page","status-publish","hentry"],"_links":{"self":[{"href":"https:\/\/www.mpower1.hr\/index.php?rest_route=\/wp\/v2\/pages\/183","targetHints":{"allow":["GET"]}}],"collection":[{"href":"https:\/\/www.mpower1.hr\/index.php?rest_route=\/wp\/v2\/pages"}],"about":[{"href":"https:\/\/www.mpower1.hr\/index.php?rest_route=\/wp\/v2\/types\/page"}],"author":[{"embeddable":true,"href":"https:\/\/www.mpower1.hr\/index.php?rest_route=\/wp\/v2\/users\/1"}],"replies":[{"embeddable":true,"href":"https:\/\/www.mpower1.hr\/index.php?rest_route=%2Fwp%2Fv2%2Fcomments&post=183"}],"version-history":[{"count":9,"href":"https:\/\/www.mpower1.hr\/index.php?rest_route=\/wp\/v2\/pages\/183\/revisions"}],"predecessor-version":[{"id":341,"href":"https:\/\/www.mpower1.hr\/index.php?rest_route=\/wp\/v2\/pages\/183\/revisions\/341"}],"up":[{"embeddable":true,"href":"https:\/\/www.mpower1.hr\/index.php?rest_route=\/wp\/v2\/pages\/43"}],"wp:attachment":[{"href":"https:\/\/www.mpower1.hr\/index.php?rest_route=%2Fwp%2Fv2%2Fmedia&parent=183"}],"curies":[{"name":"wp","href":"https:\/\/api.w.org\/{rel}","templated":true}]}}